{"id":1178,"date":"2021-07-06T18:26:26","date_gmt":"2021-07-06T18:26:26","guid":{"rendered":"https:\/\/dev.ernestodafonseca.com\/?post_type=imovel&#038;p=1178"},"modified":"2022-11-28T14:37:06","modified_gmt":"2022-11-28T14:37:06","slug":"apartamento-t3-novo-vista-rio-douro-edificio-panoramico-nascente-via-panoramica-do-porto","status":"publish","type":"imovel","link":"https:\/\/www.ernestodafonseca.com\/en\/imovel\/apartamento-t3-novo-vista-rio-douro-edificio-panoramico-nascente-via-panoramica-do-porto\/","title":{"rendered":"Apartamento T3 | Novo | Vista Rio Douro | Edif\u00edcio Panor\u00e2mico Nascente | Via Panor\u00e2mica do Porto"},"content":{"rendered":"<p><b>Edif\u00edcio Panor\u00e2mico Nascente<\/b><\/p>\n<p>Arquiteto\u00a0<b>Rog\u00e9rio Cavaca<\/b><\/p>\n<p><b>Via Panor\u00e2mica Edgar Cardoso<\/b>, Porto.<\/p>\n<p>Apartamento de excelente qualidade, por estrear, inserido numa envolv\u00eancia de bons acessos, com pontos de interesse nas proximidades, numa tranquilidade apraz\u00edvel e com vista soberba sobre o rio Douro.<\/p>\n<p>De linhas arquitet\u00f3nicas\u00a0<b>minimalistas e contempor\u00e2neas<\/b>,\u00a0<b>acabamentos de luxo<\/b>,\u00a0<b>cozinha generosa e equipada<\/b>\u00a0com eletrodom\u00e9sticos da marca Siemens, \u00e1reas grandes da<b>\u00a0sala e das tr\u00eas suites<\/b>, excelente\u00a0<b>varanda<\/b>\u00a0para relaxar ao p\u00f4r de sol.<\/p>\n<p>Al\u00e9m disso, disp\u00f5e de<b>\u00a02 lugares de garagem<\/b>\u00a0na cave, uma\u00a0<b>arrecada\u00e7\u00e3o<\/b>\u00a0e acesso a um\u00a0<b>balne\u00e1rio com gin\u00e1sio, sauna, banho turco e um Spa.<\/b><\/p>\n<p>Ar condicionado, Pain\u00e9is Solares entre outros extras, fazem justificar o elevado padr\u00e3o qualitativo incutido neste apartamento.<\/p>\n<p>O im\u00f3vel constitui um\u00a0<b>excelente investimento<\/b>\u00a0para satisfazer um requintado sentido da vis\u00e3o, pelo cen\u00e1rio deslumbrante sobre o rio Douro que oferece, e um\u00a0<b>exigente n\u00edvel de conforto<\/b>, pelo cuidado imposto na concretiza\u00e7\u00e3o do apartamento.<\/p>\n<p>Venha conhecer e tome a pr\u00f3xima decis\u00e3o importante.<\/p>\n<p>This building is raised on a full-time basis.<\/p>","protected":false},"featured_media":1179,"parent":0,"template":"","meta":{"site-sidebar-layout":"default","site-content-layout":"default","ast-site-content-layout":"default","site-content-style":"default","site-sidebar-style":"default","ast-global-header-display":"","ast-banner-title-visibility":"","ast-main-header-display":"","ast-hfb-above-header-display":"","ast-hfb-below-header-display":"","ast-hfb-mobile-header-display":"","site-post-title":"","ast-breadcrumbs-content":"","ast-featured-img":"","footer-sml-layout":"","ast-disable-related-posts":"","theme-transparent-header-meta":"default","adv-header-id-meta":"","stick-header-meta":"","header-above-stick-meta":"","header-main-stick-meta":"","header-below-stick-meta":"","astra-migrate-meta-layouts":"default","ast-page-background-enabled":"default","ast-page-background-meta":{"desktop":{"background-color":"var(--ast-global-color-4)","background-image":"","background-repeat":"repeat","background-position":"center center","background-size":"auto","background-attachment":"scroll","background-type":"","background-media":"","overlay-type":"","overlay-color":"","overlay-opacity":"","overlay-gradient":""},"tablet":{"background-color":"","background-image":"","background-repeat":"repeat","background-position":"center center","background-size":"auto","background-attachment":"scroll","background-type":"","background-media":"","overlay-type":"","overlay-color":"","overlay-opacity":"","overlay-gradient":""},"mobile":{"background-color":"","background-image":"","background-repeat":"repeat","background-position":"center center","background-size":"auto","background-attachment":"scroll","background-type":"","background-media":"","overlay-type":"","overlay-color":"","overlay-opacity":"","overlay-gradient":""}},"ast-content-background-meta":{"desktop":{"background-color":"var(--ast-global-color-5)","background-image":"","background-repeat":"repeat","background-position":"center center","background-size":"auto","background-attachment":"scroll","background-type":"","background-media":"","overlay-type":"","overlay-color":"","overlay-opacity":"","overlay-gradient":""},"tablet":{"background-color":"var(--ast-global-color-5)","background-image":"","background-repeat":"repeat","background-position":"center center","background-size":"auto","background-attachment":"scroll","background-type":"","background-media":"","overlay-type":"","overlay-color":"","overlay-opacity":"","overlay-gradient":""},"mobile":{"background-color":"var(--ast-global-color-5)","background-image":"","background-repeat":"repeat","background-position":"center center","background-size":"auto","background-attachment":"scroll","background-type":"","background-media":"","overlay-type":"","overlay-color":"","overlay-opacity":"","overlay-gradient":""}}},"estado":[41],"destaque":[],"localizacao":[],"class_list":["post-1178","imovel","type-imovel","status-publish","has-post-thumbnail","hentry","estado-vendido"],"acf":[],"_links":{"self":[{"href":"https:\/\/www.ernestodafonseca.com\/en\/wp-json\/wp\/v2\/imovel\/1178","targetHints":{"allow":["GET"]}}],"collection":[{"href":"https:\/\/www.ernestodafonseca.com\/en\/wp-json\/wp\/v2\/imovel"}],"about":[{"href":"https:\/\/www.ernestodafonseca.com\/en\/wp-json\/wp\/v2\/types\/imovel"}],"version-history":[{"count":1,"href":"https:\/\/www.ernestodafonseca.com\/en\/wp-json\/wp\/v2\/imovel\/1178\/revisions"}],"predecessor-version":[{"id":3223,"href":"https:\/\/www.ernestodafonseca.com\/en\/wp-json\/wp\/v2\/imovel\/1178\/revisions\/3223"}],"wp:featuredmedia":[{"embeddable":true,"href":"https:\/\/www.ernestodafonseca.com\/en\/wp-json\/wp\/v2\/media\/1179"}],"wp:attachment":[{"href":"https:\/\/www.ernestodafonseca.com\/en\/wp-json\/wp\/v2\/media?parent=1178"}],"wp:term":[{"taxonomy":"estado","embeddable":true,"href":"https:\/\/www.ernestodafonseca.com\/en\/wp-json\/wp\/v2\/estado?post=1178"},{"taxonomy":"destaque","embeddable":true,"href":"https:\/\/www.ernestodafonseca.com\/en\/wp-json\/wp\/v2\/destaque?post=1178"},{"taxonomy":"localizacao","embeddable":true,"href":"https:\/\/www.ernestodafonseca.com\/en\/wp-json\/wp\/v2\/localizacao?post=1178"}],"curies":[{"name":"wp","href":"https:\/\/api.w.org\/{rel}","templated":true}]}}

Apartamento T3 | Novo | Vista Rio Douro | Edifício Panorâmico Nascente | Via Panorâmica do Porto

<p><b>Edifício Panorâmico Nascente</b></p>
<p>Arquiteto <b>Rogério Cavaca</b></p>
<p><b>Via Panorâmica Edgar Cardoso</b>, Porto.</p>
<p>Apartamento de excelente qualidade, por estrear, inserido numa envolvência de bons acessos, com pontos de interesse nas proximidades, numa tranquilidade aprazível e com vista soberba sobre o rio Douro.</p>
<p>De linhas arquitetónicas <b>minimalistas e contemporâneas</b>, <b>acabamentos de luxo</b>, <b>cozinha generosa e equipada</b> com eletrodomésticos da marca Siemens, áreas grandes da<b> sala e das três suites</b>, excelente <b>varanda</b> para relaxar ao pôr de sol.</p>
<p>Além disso, dispõe de<b> 2 lugares de garagem</b> na cave, uma <b>arrecadação</b> e acesso a um <b>balneário com ginásio, sauna, banho turco e um Spa.</b></p>
<p>Ar condicionado, Painéis Solares entre outros extras, fazem justificar o elevado padrão qualitativo incutido neste apartamento.</p>
<p>O imóvel constitui um <b>excelente investimento</b> para satisfazer um requintado sentido da visão, pelo cenário deslumbrante sobre o rio Douro que oferece, e um <b>exigente nível de conforto</b>, pelo cuidado imposto na concretização do apartamento.</p>
<p>Venha conhecer e tome a próxima decisão importante.</p>
<p>This building is raised on a full-time basis.</p>
