{"id":1268,"date":"2021-07-06T18:55:01","date_gmt":"2021-07-06T18:55:01","guid":{"rendered":"https:\/\/dev.ernestodafonseca.com\/?post_type=imovel&#038;p=1268"},"modified":"2025-08-25T08:58:03","modified_gmt":"2025-08-25T08:58:03","slug":"moradia-t3-novo-vista-rio-douro-edificio-panoramico-poente-via-panoramica-do-porto-2","status":"publish","type":"imovel","link":"https:\/\/www.ernestodafonseca.com\/en\/imovel\/moradia-t3-novo-vista-rio-douro-edificio-panoramico-poente-via-panoramica-do-porto-2\/","title":{"rendered":"Moradia T3 | Novo | Edif\u00edcio Panor\u00e2mico Poente | Via Panor\u00e2mica do Porto"},"content":{"rendered":"<p><b>Edif\u00edcio Panor\u00e2mico Poente<\/b><\/p>\n<p>Arquiteto\u00a0<b>Rog\u00e9rio Cavaca<\/b><\/p>\n<p><b>Via Panor\u00e2mica Edgar Cardoso<\/b>, Porto.<\/p>\n<p>Im\u00f3vel em duplex, de excelente qualidade, por estrear, inserido numa envolv\u00eancia de bons acessos, com pontos de interesse nas proximidades, numa tranquilidade apraz\u00edvel e com vista soberba sobre o rio Douro.<\/p>\n<p>De linhas arquitet\u00f3nicas\u00a0<b>minimalistas e contempor\u00e2neas<\/b>,\u00a0<b>acabamentos de luxo<\/b>,\u00a0<b>cozinha generosa e equipada<\/b>\u00a0com eletrodom\u00e9sticos da marca\u00a0<b>Gaggenau<\/b>, \u00e1reas grandes da<b>\u00a0sala e das tr\u00eas suites<\/b>, excelente\u00a0<b>varanda<\/b>\u00a0para relaxar ao p\u00f4r de sol e\u00a0<b>terra\u00e7o com relva natural\u00a0<\/b>para del\u00edcia das crian\u00e7as.<\/p>\n<p>Disp\u00f5e ainda de uma\u00a0<b>garagem em Box<\/b>\u00a0com acesso direto \u00e0 resid\u00eancia.<\/p>\n<p>Sistema dom\u00f3tica KNX da Jung, piso radiante nas casas de banho para m\u00e1ximo conforto, ar condicionado da marca Solius, pain\u00e9is solares e outros extras que sublinham o elevado padr\u00e3o desta moradia.<\/p>\n<p>O im\u00f3vel constitui um\u00a0<b>excelente investimento<\/b>\u00a0para satisfazer um requintado sentido da vis\u00e3o, pelo cen\u00e1rio deslumbrante sobre o rio Douro que oferece, e um\u00a0<b>exigente n\u00edvel de conforto<\/b>, pelo cuidado imposto na concretiza\u00e7\u00e3o da moradia.<\/p>\n<p>Venha conhecer e tome a pr\u00f3xima decis\u00e3o importante.<\/p>\n<p>This building is raised on a full-time basis.<\/p>","protected":false},"featured_media":1283,"parent":0,"template":"","meta":{"site-sidebar-layout":"default","site-content-layout":"default","ast-site-content-layout":"default","site-content-style":"default","site-sidebar-style":"default","ast-global-header-display":"","ast-banner-title-visibility":"","ast-main-header-display":"","ast-hfb-above-header-display":"","ast-hfb-below-header-display":"","ast-hfb-mobile-header-display":"","site-post-title":"","ast-breadcrumbs-content":"","ast-featured-img":"","footer-sml-layout":"","ast-disable-related-posts":"","theme-transparent-header-meta":"default","adv-header-id-meta":"","stick-header-meta":"","header-above-stick-meta":"","header-main-stick-meta":"","header-below-stick-meta":"","astra-migrate-meta-layouts":"set","ast-page-background-enabled":"default","ast-page-background-meta":{"desktop":{"background-color":"var(--ast-global-color-4)","background-image":"","background-repeat":"repeat","background-position":"center center","background-size":"auto","background-attachment":"scroll","background-type":"","background-media":"","overlay-type":"","overlay-color":"","overlay-opacity":"","overlay-gradient":""},"tablet":{"background-color":"","background-image":"","background-repeat":"repeat","background-position":"center center","background-size":"auto","background-attachment":"scroll","background-type":"","background-media":"","overlay-type":"","overlay-color":"","overlay-opacity":"","overlay-gradient":""},"mobile":{"background-color":"","background-image":"","background-repeat":"repeat","background-position":"center center","background-size":"auto","background-attachment":"scroll","background-type":"","background-media":"","overlay-type":"","overlay-color":"","overlay-opacity":"","overlay-gradient":""}},"ast-content-background-meta":{"desktop":{"background-color":"var(--ast-global-color-5)","background-image":"","background-repeat":"repeat","background-position":"center center","background-size":"auto","background-attachment":"scroll","background-type":"","background-media":"","overlay-type":"","overlay-color":"","overlay-opacity":"","overlay-gradient":""},"tablet":{"background-color":"var(--ast-global-color-5)","background-image":"","background-repeat":"repeat","background-position":"center center","background-size":"auto","background-attachment":"scroll","background-type":"","background-media":"","overlay-type":"","overlay-color":"","overlay-opacity":"","overlay-gradient":""},"mobile":{"background-color":"var(--ast-global-color-5)","background-image":"","background-repeat":"repeat","background-position":"center center","background-size":"auto","background-attachment":"scroll","background-type":"","background-media":"","overlay-type":"","overlay-color":"","overlay-opacity":"","overlay-gradient":""}}},"estado":[41],"destaque":[],"localizacao":[],"class_list":["post-1268","imovel","type-imovel","status-publish","has-post-thumbnail","hentry","estado-vendido"],"acf":[],"_links":{"self":[{"href":"https:\/\/www.ernestodafonseca.com\/en\/wp-json\/wp\/v2\/imovel\/1268","targetHints":{"allow":["GET"]}}],"collection":[{"href":"https:\/\/www.ernestodafonseca.com\/en\/wp-json\/wp\/v2\/imovel"}],"about":[{"href":"https:\/\/www.ernestodafonseca.com\/en\/wp-json\/wp\/v2\/types\/imovel"}],"version-history":[{"count":2,"href":"https:\/\/www.ernestodafonseca.com\/en\/wp-json\/wp\/v2\/imovel\/1268\/revisions"}],"predecessor-version":[{"id":3230,"href":"https:\/\/www.ernestodafonseca.com\/en\/wp-json\/wp\/v2\/imovel\/1268\/revisions\/3230"}],"wp:featuredmedia":[{"embeddable":true,"href":"https:\/\/www.ernestodafonseca.com\/en\/wp-json\/wp\/v2\/media\/1283"}],"wp:attachment":[{"href":"https:\/\/www.ernestodafonseca.com\/en\/wp-json\/wp\/v2\/media?parent=1268"}],"wp:term":[{"taxonomy":"estado","embeddable":true,"href":"https:\/\/www.ernestodafonseca.com\/en\/wp-json\/wp\/v2\/estado?post=1268"},{"taxonomy":"destaque","embeddable":true,"href":"https:\/\/www.ernestodafonseca.com\/en\/wp-json\/wp\/v2\/destaque?post=1268"},{"taxonomy":"localizacao","embeddable":true,"href":"https:\/\/www.ernestodafonseca.com\/en\/wp-json\/wp\/v2\/localizacao?post=1268"}],"curies":[{"name":"wp","href":"https:\/\/api.w.org\/{rel}","templated":true}]}}

Moradia T3 | Novo | Edifício Panorâmico Poente | Via Panorâmica do Porto

<p><b>Edifício Panorâmico Poente</b></p>
<p>Arquiteto <b>Rogério Cavaca</b></p>
<p><b>Via Panorâmica Edgar Cardoso</b>, Porto.</p>
<p>Imóvel em duplex, de excelente qualidade, por estrear, inserido numa envolvência de bons acessos, com pontos de interesse nas proximidades, numa tranquilidade aprazível e com vista soberba sobre o rio Douro.</p>
<p>De linhas arquitetónicas <b>minimalistas e contemporâneas</b>, <b>acabamentos de luxo</b>, <b>cozinha generosa e equipada</b> com eletrodomésticos da marca <b>Gaggenau</b>, áreas grandes da<b> sala e das três suites</b>, excelente <b>varanda</b> para relaxar ao pôr de sol e <b>terraço com relva natural </b>para delícia das crianças.</p>
<p>Dispõe ainda de uma <b>garagem em Box</b> com acesso direto à residência.</p>
<p>Sistema domótica KNX da Jung, piso radiante nas casas de banho para máximo conforto, ar condicionado da marca Solius, painéis solares e outros extras que sublinham o elevado padrão desta moradia.</p>
<p>O imóvel constitui um <b>excelente investimento</b> para satisfazer um requintado sentido da visão, pelo cenário deslumbrante sobre o rio Douro que oferece, e um <b>exigente nível de conforto</b>, pelo cuidado imposto na concretização da moradia.</p>
<p>Venha conhecer e tome a próxima decisão importante.</p>
<p>This building is raised on a full-time basis.</p>
