{"id":279,"date":"2021-01-28T01:47:38","date_gmt":"2021-01-28T01:47:38","guid":{"rendered":"https:\/\/dev.ernestodafonseca.com\/?post_type=imovel&#038;p=279"},"modified":"2023-02-16T15:04:01","modified_gmt":"2023-02-16T15:04:01","slug":"apartamento-penthouse-t3-na-quinta-dos-alcoutins","status":"publish","type":"imovel","link":"https:\/\/www.ernestodafonseca.com\/en\/imovel\/apartamento-penthouse-t3-na-quinta-dos-alcoutins\/","title":{"rendered":"Apartamento T1 a estrear com terra\u00e7o de 37m2"},"content":{"rendered":"<p>Bem-vindo \u00e0 <i>Quinta dos Alcoutins<\/i>! Zona prestigiada no Norte de Lisboa, com moradias e pr\u00e9dios de constru\u00e7\u00e3o recente, inserida numa colina, entre extensos espa\u00e7os verdes, campos de golfe e courts de t\u00e9nis do <i>Clube Pa\u00e7o de Lumiar<\/i>. Provavelmente \u00e9 \u00fanico lugar em Lisboa onde pode desfrutar a tranquilidade da natureza, bem como praticar golfe e t\u00e9nis, apenas a 10 minutos de carro do centro da cidade.<\/p>\n<p>&#8211; Constru\u00e7\u00e3o amiga do ambiente e energeticamente eficiente. Pain\u00e9is solares. Ar condicionado. Eletrodom\u00e9sticos Bosch de \u00faltima gera\u00e7\u00e3o.<\/p>\n<p>&#8211; Acabamentos modernos e de qualidade superior, com ch\u00e3o de madeira natural de carvalho e vidros duplos, revestidos a tungst\u00e9nio.\u00a0Janelas panor\u00e2micas. Estores el\u00e9tricos.<\/p>\n<p>&#8211;\u00a0Um excelente terra\u00e7o de 37 m<sup>2<\/sup>, ideal para animal de estima\u00e7\u00e3o ou jardinagem.<\/p>\n<p>O apartamento situa-se no r\u00e9s-do-ch\u00e3o de um pr\u00e9dio de 5 andares e consiste em seguintes divis\u00f5es:<\/p>\n<p><b>&#8211; Sala de estar 25,95 m<\/b><b><sup>2<\/sup><\/b>, com LED-ilumina\u00e7\u00e3o incorporada na zona de entrada.<\/p>\n<p><b>&#8211; Kitchenette 8,82 m<\/b><b><sup>2<\/sup><\/b>, totalmente equipada com eletrodom\u00e9sticos da marca <b>BOSCH.<\/b><\/p>\n<p><b>&#8211; Suite\u00a018,66 m<\/b><b><sup>2<\/sup><\/b> com zona de closet separada e<b>\u00a0casa de banho completa 6,08 m<\/b><b><sup>2.<\/sup><\/b><\/p>\n<p>&#8211; Ambas a sala de estar e a suite t\u00eam acesso ao<b>\u00a0terra\u00e7o 37 m<\/b><b><sup>2<\/sup><\/b>, cuja privacidade est\u00e1 garantida atrav\u00e9s de uma sebe.<\/p>\n<p>O pr\u00e9dio tem 2 elevadores, v\u00eddeo-vigil\u00e2ncia das \u00e1reas comuns 24 horas, video porteiro.\u00a0O im\u00f3vel tem <b>1 lugar de estacionamento<\/b> e uma <b>arrecada\u00e7\u00e3o<\/b> (3,37 m<sup>2<\/sup>).<\/p>","protected":false},"featured_media":666,"parent":0,"template":"","meta":{"site-sidebar-layout":"default","site-content-layout":"default","ast-site-content-layout":"default","site-content-style":"default","site-sidebar-style":"default","ast-global-header-display":"","ast-banner-title-visibility":"","ast-main-header-display":"","ast-hfb-above-header-display":"","ast-hfb-below-header-display":"","ast-hfb-mobile-header-display":"","site-post-title":"","ast-breadcrumbs-content":"","ast-featured-img":"","footer-sml-layout":"","ast-disable-related-posts":"","theme-transparent-header-meta":"default","adv-header-id-meta":"","stick-header-meta":"","header-above-stick-meta":"","header-main-stick-meta":"","header-below-stick-meta":"","astra-migrate-meta-layouts":"default","ast-page-background-enabled":"default","ast-page-background-meta":{"desktop":{"background-color":"var(--ast-global-color-4)","background-image":"","background-repeat":"repeat","background-position":"center center","background-size":"auto","background-attachment":"scroll","background-type":"","background-media":"","overlay-type":"","overlay-color":"","overlay-opacity":"","overlay-gradient":""},"tablet":{"background-color":"","background-image":"","background-repeat":"repeat","background-position":"center center","background-size":"auto","background-attachment":"scroll","background-type":"","background-media":"","overlay-type":"","overlay-color":"","overlay-opacity":"","overlay-gradient":""},"mobile":{"background-color":"","background-image":"","background-repeat":"repeat","background-position":"center center","background-size":"auto","background-attachment":"scroll","background-type":"","background-media":"","overlay-type":"","overlay-color":"","overlay-opacity":"","overlay-gradient":""}},"ast-content-background-meta":{"desktop":{"background-color":"var(--ast-global-color-5)","background-image":"","background-repeat":"repeat","background-position":"center center","background-size":"auto","background-attachment":"scroll","background-type":"","background-media":"","overlay-type":"","overlay-color":"","overlay-opacity":"","overlay-gradient":""},"tablet":{"background-color":"var(--ast-global-color-5)","background-image":"","background-repeat":"repeat","background-position":"center center","background-size":"auto","background-attachment":"scroll","background-type":"","background-media":"","overlay-type":"","overlay-color":"","overlay-opacity":"","overlay-gradient":""},"mobile":{"background-color":"var(--ast-global-color-5)","background-image":"","background-repeat":"repeat","background-position":"center center","background-size":"auto","background-attachment":"scroll","background-type":"","background-media":"","overlay-type":"","overlay-color":"","overlay-opacity":"","overlay-gradient":""}}},"estado":[41],"destaque":[],"localizacao":[56],"class_list":["post-279","imovel","type-imovel","status-publish","has-post-thumbnail","hentry","estado-vendido","localizacao-lisboa"],"acf":[],"_links":{"self":[{"href":"https:\/\/www.ernestodafonseca.com\/en\/wp-json\/wp\/v2\/imovel\/279","targetHints":{"allow":["GET"]}}],"collection":[{"href":"https:\/\/www.ernestodafonseca.com\/en\/wp-json\/wp\/v2\/imovel"}],"about":[{"href":"https:\/\/www.ernestodafonseca.com\/en\/wp-json\/wp\/v2\/types\/imovel"}],"version-history":[{"count":1,"href":"https:\/\/www.ernestodafonseca.com\/en\/wp-json\/wp\/v2\/imovel\/279\/revisions"}],"predecessor-version":[{"id":3245,"href":"https:\/\/www.ernestodafonseca.com\/en\/wp-json\/wp\/v2\/imovel\/279\/revisions\/3245"}],"wp:featuredmedia":[{"embeddable":true,"href":"https:\/\/www.ernestodafonseca.com\/en\/wp-json\/wp\/v2\/media\/666"}],"wp:attachment":[{"href":"https:\/\/www.ernestodafonseca.com\/en\/wp-json\/wp\/v2\/media?parent=279"}],"wp:term":[{"taxonomy":"estado","embeddable":true,"href":"https:\/\/www.ernestodafonseca.com\/en\/wp-json\/wp\/v2\/estado?post=279"},{"taxonomy":"destaque","embeddable":true,"href":"https:\/\/www.ernestodafonseca.com\/en\/wp-json\/wp\/v2\/destaque?post=279"},{"taxonomy":"localizacao","embeddable":true,"href":"https:\/\/www.ernestodafonseca.com\/en\/wp-json\/wp\/v2\/localizacao?post=279"}],"curies":[{"name":"wp","href":"https:\/\/api.w.org\/{rel}","templated":true}]}}

Apartamento T1 a estrear com terraço de 37m2

<p>Bem-vindo à <i>Quinta dos Alcoutins</i>! Zona prestigiada no Norte de Lisboa, com moradias e prédios de construção recente, inserida numa colina, entre extensos espaços verdes, campos de golfe e courts de ténis do <i>Clube Paço de Lumiar</i>. Provavelmente é único lugar em Lisboa onde pode desfrutar a tranquilidade da natureza, bem como praticar golfe e ténis, apenas a 10 minutos de carro do centro da cidade.</p>
<p>&#8211; Construção amiga do ambiente e energeticamente eficiente. Painéis solares. Ar condicionado. Eletrodomésticos Bosch de última geração.</p>
<p>&#8211; Acabamentos modernos e de qualidade superior, com chão de madeira natural de carvalho e vidros duplos, revestidos a tungsténio. Janelas panorâmicas. Estores elétricos.</p>
<p>&#8211; Um excelente terraço de 37 m<sup>2</sup>, ideal para animal de estimação ou jardinagem.</p>
<p>O apartamento situa-se no rés-do-chão de um prédio de 5 andares e consiste em seguintes divisões:</p>
<p><b>&#8211; Sala de estar 25,95 m</b><b><sup>2</sup></b>, com LED-iluminação incorporada na zona de entrada.</p>
<p><b>&#8211; Kitchenette 8,82 m</b><b><sup>2</sup></b>, totalmente equipada com eletrodomésticos da marca <b>BOSCH.</b></p>
<p><b>&#8211; Suite 18,66 m</b><b><sup>2</sup></b> com zona de closet separada e<b> casa de banho completa 6,08 m</b><b><sup>2.</sup></b></p>
<p>&#8211; Ambas a sala de estar e a suite têm acesso ao<b> terraço 37 m</b><b><sup>2</sup></b>, cuja privacidade está garantida através de uma sebe.</p>
<p>O prédio tem 2 elevadores, vídeo-vigilância das áreas comuns 24 horas, video porteiro. O imóvel tem <b>1 lugar de estacionamento</b> e uma <b>arrecadação</b> (3,37 m<sup>2</sup>).</p>
