{"id":5268,"date":"2023-06-01T14:25:09","date_gmt":"2023-06-01T14:25:09","guid":{"rendered":"https:\/\/www.ernestodafonseca.com\/?post_type=imovel&#038;p=5268"},"modified":"2024-02-09T11:26:44","modified_gmt":"2024-02-09T11:26:44","slug":"apartamento-t2-varandas-centro-alverca-renovado-2020","status":"publish","type":"imovel","link":"https:\/\/www.ernestodafonseca.com\/en\/imovel\/apartamento-t2-varandas-centro-alverca-renovado-2020\/","title":{"rendered":"Apartamento T2, Varandas, Centro Alverca, Renovado 2020"},"content":{"rendered":"<p>Apartamento T2, Varandas, Centro Alverca, Renovado 2020.<\/p>\n<p class=\"p1\">Num primeiro andar, de um pr\u00e9dio dos anos 60, sem elevador, numa das principais avenidas de Alverca, com todo o com\u00e9rcio local \u00e0 porta, encontramos um im\u00f3vel com mais de 90m2, tendo sido totalmente reabilitado em 2020.<\/p>\n<p class=\"p1\">O que mais agrada \u00e9 a qualidade e o extremo bom gosto dos materiais utilizados, o cuidado est\u00e9tico e funcional desta transforma\u00e7\u00e3o. Nada foi deixado ao acaso e hoje temos um apartamento t\u00e3o acolhedor, moderno, elegante e muito ecl\u00e9tico, mesmo para um T2. Na verdade \u00e9 praticamente como novo.<\/p>\n<p class=\"p1\">Para confirmar este facto \u00e9 vir conhecer ao vivo. Marque a sua visita enquanto o tempo est\u00e1 a seu favor.<\/p>\n<p class=\"p1\"><b>Proximidade a p\u00e9<\/b>: Esta\u00e7\u00e3o de comboio de Alverca a 10 minutos; Est\u00e1dio do Alverca a 2 minutos;<\/p>\n<p class=\"p1\">A 5 minutos de acesso \u00e0 A9 e A1<\/p>\n<p class=\"p1\">This building is raised on a full-time basis.<\/p>","protected":false},"featured_media":5242,"parent":0,"template":"","meta":{"site-sidebar-layout":"default","site-content-layout":"default","ast-site-content-layout":"default","site-content-style":"default","site-sidebar-style":"default","ast-global-header-display":"","ast-banner-title-visibility":"","ast-main-header-display":"","ast-hfb-above-header-display":"","ast-hfb-below-header-display":"","ast-hfb-mobile-header-display":"","site-post-title":"","ast-breadcrumbs-content":"","ast-featured-img":"","footer-sml-layout":"","ast-disable-related-posts":"","theme-transparent-header-meta":"default","adv-header-id-meta":"","stick-header-meta":"","header-above-stick-meta":"","header-main-stick-meta":"","header-below-stick-meta":"","astra-migrate-meta-layouts":"set","ast-page-background-enabled":"default","ast-page-background-meta":{"desktop":{"background-color":"var(--ast-global-color-4)","background-image":"","background-repeat":"repeat","background-position":"center center","background-size":"auto","background-attachment":"scroll","background-type":"","background-media":"","overlay-type":"","overlay-color":"","overlay-opacity":"","overlay-gradient":""},"tablet":{"background-color":"","background-image":"","background-repeat":"repeat","background-position":"center center","background-size":"auto","background-attachment":"scroll","background-type":"","background-media":"","overlay-type":"","overlay-color":"","overlay-opacity":"","overlay-gradient":""},"mobile":{"background-color":"","background-image":"","background-repeat":"repeat","background-position":"center center","background-size":"auto","background-attachment":"scroll","background-type":"","background-media":"","overlay-type":"","overlay-color":"","overlay-opacity":"","overlay-gradient":""}},"ast-content-background-meta":{"desktop":{"background-color":"var(--ast-global-color-5)","background-image":"","background-repeat":"repeat","background-position":"center center","background-size":"auto","background-attachment":"scroll","background-type":"","background-media":"","overlay-type":"","overlay-color":"","overlay-opacity":"","overlay-gradient":""},"tablet":{"background-color":"var(--ast-global-color-5)","background-image":"","background-repeat":"repeat","background-position":"center center","background-size":"auto","background-attachment":"scroll","background-type":"","background-media":"","overlay-type":"","overlay-color":"","overlay-opacity":"","overlay-gradient":""},"mobile":{"background-color":"var(--ast-global-color-5)","background-image":"","background-repeat":"repeat","background-position":"center center","background-size":"auto","background-attachment":"scroll","background-type":"","background-media":"","overlay-type":"","overlay-color":"","overlay-opacity":"","overlay-gradient":""}}},"estado":[41],"destaque":[],"localizacao":[63],"class_list":["post-5268","imovel","type-imovel","status-publish","has-post-thumbnail","hentry","estado-vendido","localizacao-alverca"],"acf":[],"_links":{"self":[{"href":"https:\/\/www.ernestodafonseca.com\/en\/wp-json\/wp\/v2\/imovel\/5268","targetHints":{"allow":["GET"]}}],"collection":[{"href":"https:\/\/www.ernestodafonseca.com\/en\/wp-json\/wp\/v2\/imovel"}],"about":[{"href":"https:\/\/www.ernestodafonseca.com\/en\/wp-json\/wp\/v2\/types\/imovel"}],"version-history":[{"count":7,"href":"https:\/\/www.ernestodafonseca.com\/en\/wp-json\/wp\/v2\/imovel\/5268\/revisions"}],"predecessor-version":[{"id":5787,"href":"https:\/\/www.ernestodafonseca.com\/en\/wp-json\/wp\/v2\/imovel\/5268\/revisions\/5787"}],"wp:featuredmedia":[{"embeddable":true,"href":"https:\/\/www.ernestodafonseca.com\/en\/wp-json\/wp\/v2\/media\/5242"}],"wp:attachment":[{"href":"https:\/\/www.ernestodafonseca.com\/en\/wp-json\/wp\/v2\/media?parent=5268"}],"wp:term":[{"taxonomy":"estado","embeddable":true,"href":"https:\/\/www.ernestodafonseca.com\/en\/wp-json\/wp\/v2\/estado?post=5268"},{"taxonomy":"destaque","embeddable":true,"href":"https:\/\/www.ernestodafonseca.com\/en\/wp-json\/wp\/v2\/destaque?post=5268"},{"taxonomy":"localizacao","embeddable":true,"href":"https:\/\/www.ernestodafonseca.com\/en\/wp-json\/wp\/v2\/localizacao?post=5268"}],"curies":[{"name":"wp","href":"https:\/\/api.w.org\/{rel}","templated":true}]}}

<p>Apartamento T2, Varandas, Centro Alverca, Renovado 2020.</p>
<p class="p1">Num primeiro andar, de um prédio dos anos 60, sem elevador, numa das principais avenidas de Alverca, com todo o comércio local à porta, encontramos um imóvel com mais de 90m2, tendo sido totalmente reabilitado em 2020.</p>
<p class="p1">O que mais agrada é a qualidade e o extremo bom gosto dos materiais utilizados, o cuidado estético e funcional desta transformação. Nada foi deixado ao acaso e hoje temos um apartamento tão acolhedor, moderno, elegante e muito eclético, mesmo para um T2. Na verdade é praticamente como novo.</p>
<p class="p1">Para confirmar este facto é vir conhecer ao vivo. Marque a sua visita enquanto o tempo está a seu favor.</p>
<p class="p1"><b>Proximidade a pé</b>: Estação de comboio de Alverca a 10 minutos; Estádio do Alverca a 2 minutos;</p>
<p class="p1">A 5 minutos de acesso à A9 e A1</p>
<p class="p1">This building is raised on a full-time basis.</p>
