{"id":5691,"date":"2023-11-06T15:33:13","date_gmt":"2023-11-06T15:33:13","guid":{"rendered":"https:\/\/www.ernestodafonseca.com\/?post_type=imovel&#038;p=5691"},"modified":"2024-03-05T16:37:42","modified_gmt":"2024-03-05T16:37:42","slug":"apartamento-t2-renovado-excelente-estado-predio-do-sec-xix-bem-conservado-arroios-lisboa","status":"publish","type":"imovel","link":"https:\/\/www.ernestodafonseca.com\/en\/imovel\/apartamento-t2-renovado-excelente-estado-predio-do-sec-xix-bem-conservado-arroios-lisboa\/","title":{"rendered":"Apartamento T2 renovado, excelente estado, pr\u00e9dio do s\u00e9c. XIX, bem conservado, Arroios, Lisboa"},"content":{"rendered":"<p class=\"p1\"><b>Apartamento T2 renovado, excelente estado, pr\u00e9dio do s\u00e9c. XIX, bem conservado, Arroios, Lisboa<\/b><\/p>\n<p>Localiza\u00e7\u00e3o: Rua Escola do Ex\u00e9rcito, em Lisboa,<\/p>\n<p class=\"p1\">Apresento um\u00a0<b>apartamento completamente renovado<\/b>, com pormenores de requinte, e parcialmente equipado. Situado no\u00a0<b>2.\u00ba andar de um pr\u00e9dio muito bem recuperado no interior<\/b>,\u00a0<b>sem elevador<\/b>\u00a0e com\u00a0<b>excelente exposi\u00e7\u00e3o solar<\/b>, n\u00e3o \u00e9 um apartamento vulgar, mas um espa\u00e7o que nos desperta todos os sentidos desde a entrada.<\/p>\n<p class=\"p1\">Se \u00e9 um apaixonado pela decora\u00e7\u00e3o, espa\u00e7os funcionais e amplos, este im\u00f3vel \u00e9 o mais adequado. E se a localiza\u00e7\u00e3o e facilidade de estacionamento \u00e9 muito importante, ent\u00e3o este im\u00f3vel adequa-se a si. Inicialmente era um apartamento com 5 assoalhadas e foi convertido num espa\u00e7oso T2.<\/p>\n<p class=\"p1\"><b>Com a compra da fra\u00e7\u00e3o ter\u00e1 a op\u00e7\u00e3o de adquirir, adicionalmente, uma garagem em Box para 2 carros na Rua Jos\u00e9 Estev\u00e3o.<\/b><\/p>\n<p class=\"p1\">Venha conhecer este im\u00f3vel peculiar.<\/p>\n<p class=\"p1\">Configura\u00e7\u00e3o: Sala espa\u00e7osa, zona de jantar, 2 quartos, 1 pequeno closet, 2 casas de banho, cozinha em kitchenet com zona de refei\u00e7\u00f5es.<\/p>\n<p class=\"p1\">Dist\u00e2ncia pedonal a 5 minutos: esta\u00e7\u00e3o metro Intendente ou Anjos, Clube Portugu\u00eas de Gin\u00e1sio, Embaixada Alem\u00e3 ou Instituto Alem\u00e3o e do Hospital da Estef\u00e2nia,<\/p>\n<p class=\"p1\">This building is raised on a full-time basis.<\/p>","protected":false},"featured_media":5692,"parent":0,"template":"","meta":{"site-sidebar-layout":"default","site-content-layout":"","ast-site-content-layout":"default","site-content-style":"default","site-sidebar-style":"default","ast-global-header-display":"","ast-banner-title-visibility":"","ast-main-header-display":"","ast-hfb-above-header-display":"","ast-hfb-below-header-display":"","ast-hfb-mobile-header-display":"","site-post-title":"","ast-breadcrumbs-content":"","ast-featured-img":"","footer-sml-layout":"","ast-disable-related-posts":"","theme-transparent-header-meta":"default","adv-header-id-meta":"","stick-header-meta":"","header-above-stick-meta":"","header-main-stick-meta":"","header-below-stick-meta":"","astra-migrate-meta-layouts":"set","ast-page-background-enabled":"default","ast-page-background-meta":{"desktop":{"background-color":"var(--ast-global-color-4)","background-image":"","background-repeat":"repeat","background-position":"center center","background-size":"auto","background-attachment":"scroll","background-type":"","background-media":"","overlay-type":"","overlay-color":"","overlay-opacity":"","overlay-gradient":""},"tablet":{"background-color":"","background-image":"","background-repeat":"repeat","background-position":"center center","background-size":"auto","background-attachment":"scroll","background-type":"","background-media":"","overlay-type":"","overlay-color":"","overlay-opacity":"","overlay-gradient":""},"mobile":{"background-color":"","background-image":"","background-repeat":"repeat","background-position":"center center","background-size":"auto","background-attachment":"scroll","background-type":"","background-media":"","overlay-type":"","overlay-color":"","overlay-opacity":"","overlay-gradient":""}},"ast-content-background-meta":{"desktop":{"background-color":"var(--ast-global-color-5)","background-image":"","background-repeat":"repeat","background-position":"center center","background-size":"auto","background-attachment":"scroll","background-type":"","background-media":"","overlay-type":"","overlay-color":"","overlay-opacity":"","overlay-gradient":""},"tablet":{"background-color":"var(--ast-global-color-5)","background-image":"","background-repeat":"repeat","background-position":"center center","background-size":"auto","background-attachment":"scroll","background-type":"","background-media":"","overlay-type":"","overlay-color":"","overlay-opacity":"","overlay-gradient":""},"mobile":{"background-color":"var(--ast-global-color-5)","background-image":"","background-repeat":"repeat","background-position":"center center","background-size":"auto","background-attachment":"scroll","background-type":"","background-media":"","overlay-type":"","overlay-color":"","overlay-opacity":"","overlay-gradient":""}}},"estado":[41],"destaque":[],"localizacao":[56],"class_list":["post-5691","imovel","type-imovel","status-publish","has-post-thumbnail","hentry","estado-vendido","localizacao-lisboa"],"acf":[],"_links":{"self":[{"href":"https:\/\/www.ernestodafonseca.com\/en\/wp-json\/wp\/v2\/imovel\/5691","targetHints":{"allow":["GET"]}}],"collection":[{"href":"https:\/\/www.ernestodafonseca.com\/en\/wp-json\/wp\/v2\/imovel"}],"about":[{"href":"https:\/\/www.ernestodafonseca.com\/en\/wp-json\/wp\/v2\/types\/imovel"}],"version-history":[{"count":3,"href":"https:\/\/www.ernestodafonseca.com\/en\/wp-json\/wp\/v2\/imovel\/5691\/revisions"}],"predecessor-version":[{"id":5724,"href":"https:\/\/www.ernestodafonseca.com\/en\/wp-json\/wp\/v2\/imovel\/5691\/revisions\/5724"}],"wp:featuredmedia":[{"embeddable":true,"href":"https:\/\/www.ernestodafonseca.com\/en\/wp-json\/wp\/v2\/media\/5692"}],"wp:attachment":[{"href":"https:\/\/www.ernestodafonseca.com\/en\/wp-json\/wp\/v2\/media?parent=5691"}],"wp:term":[{"taxonomy":"estado","embeddable":true,"href":"https:\/\/www.ernestodafonseca.com\/en\/wp-json\/wp\/v2\/estado?post=5691"},{"taxonomy":"destaque","embeddable":true,"href":"https:\/\/www.ernestodafonseca.com\/en\/wp-json\/wp\/v2\/destaque?post=5691"},{"taxonomy":"localizacao","embeddable":true,"href":"https:\/\/www.ernestodafonseca.com\/en\/wp-json\/wp\/v2\/localizacao?post=5691"}],"curies":[{"name":"wp","href":"https:\/\/api.w.org\/{rel}","templated":true}]}}

Apartamento T2 renovado, excelente estado, prédio do séc. XIX, bem conservado, Arroios, Lisboa

<p class="p1"><b>Apartamento T2 renovado, excelente estado, prédio do séc. XIX, bem conservado, Arroios, Lisboa</b></p>
<p>Localização: Rua Escola do Exército, em Lisboa,</p>
<p class="p1">Apresento um <b>apartamento completamente renovado</b>, com pormenores de requinte, e parcialmente equipado. Situado no <b>2.º andar de um prédio muito bem recuperado no interior</b>, <b>sem elevador</b> e com <b>excelente exposição solar</b>, não é um apartamento vulgar, mas um espaço que nos desperta todos os sentidos desde a entrada.</p>
<p class="p1">Se é um apaixonado pela decoração, espaços funcionais e amplos, este imóvel é o mais adequado. E se a localização e facilidade de estacionamento é muito importante, então este imóvel adequa-se a si. Inicialmente era um apartamento com 5 assoalhadas e foi convertido num espaçoso T2.</p>
<p class="p1"><b>Com a compra da fração terá a opção de adquirir, adicionalmente, uma garagem em Box para 2 carros na Rua José Estevão.</b></p>
<p class="p1">Venha conhecer este imóvel peculiar.</p>
<p class="p1">Configuração: Sala espaçosa, zona de jantar, 2 quartos, 1 pequeno closet, 2 casas de banho, cozinha em kitchenet com zona de refeições.</p>
<p class="p1">Distância pedonal a 5 minutos: estação metro Intendente ou Anjos, Clube Português de Ginásio, Embaixada Alemã ou Instituto Alemão e do Hospital da Estefânia,</p>
<p class="p1">This building is raised on a full-time basis.</p>
