{"id":7116,"date":"2025-06-06T08:03:21","date_gmt":"2025-06-06T08:03:21","guid":{"rendered":"https:\/\/www.ernestodafonseca.com\/?post_type=imovel&#038;p=7116"},"modified":"2025-06-17T09:54:28","modified_gmt":"2025-06-17T09:54:28","slug":"escritorio-em-open-space-completamente-remodelado-alges","status":"publish","type":"imovel","link":"https:\/\/www.ernestodafonseca.com\/en\/imovel\/escritorio-em-open-space-completamente-remodelado-alges\/","title":{"rendered":"Escrit\u00f3rio em Open Space, completamente remodelado, Alg\u00e9s."},"content":{"rendered":"<p class=\"p1\"><b>Escrit\u00f3rio em Open Space, completamente remodelado, Alg\u00e9s.<br \/>\n<\/b><\/p>\n<p class=\"p1\">Aten\u00e7\u00e3o, para micro empresas ou pequeno atelier que n\u00e3o precisam de muito espa\u00e7o mas querem um s\u00edtio para desenvolver a sua atividade, este escrit\u00f3rio em\u00a0Open Space \u00e9 uma excelente alternativa para quem procura zona central, bons acessos de comunica\u00e7\u00e3o, facilidade de estacionamento e um espa\u00e7o para ser produtivo.<\/p>\n<p class=\"p1\">No centro de Miraflores, Alg\u00e9s, na Rua Margarida Palla, estes 55m2 muito bem aproveitados podem ser uma boa solu\u00e7\u00e3o. At\u00e9 a casa de banho tem excepcionalmente um chuveiro para um duche refrescante ap\u00f3s um dia muito ativo.<\/p>\n<p class=\"p1\">Especialmente vocacionado para qualquer ramo de presta\u00e7\u00e3o de servi\u00e7os ou criatividade, excepto restaura\u00e7\u00e3o.<\/p>\n<p class=\"p1\">Condi\u00e7\u00f5es Rendas:<\/p>\n<p class=\"p1\">2 rendas em antecipa\u00e7\u00e3o<\/p>\n<p class=\"p1\">2 rendas de cau\u00e7\u00e3o<\/p>\n<p class=\"p1\">Caracter\u00edsticas:<\/p>\n<p class=\"p1\">Exteriores &#8211; Video Porteiro;<\/p>\n<p class=\"p1\">Interiores &#8211; Hall de entrada;<\/p>\n<p class=\"p1\">Gerais &#8211; Remodelado;<\/p>\n<p class=\"p1\">Outros Equipamentos &#8211; Servi\u00e7o de internet; Caldeira para \u00e1gua quente; Frigor\u00edfico; Micro-ondas;<\/p>\n<p class=\"p1\">Outras caracter\u00edsticas &#8211; Acesso apropriado a pessoas com mobilidade reduzida; Ar Condicionado.<\/p>\n<p class=\"p1\">Come and get to know.<\/p>\n<p class=\"p1\">This building is raised on a full-time basis. We are sharing with for all your real estate professional under 50% \/ 50%.<\/p>\n<p class=\"p1\">","protected":false},"featured_media":7117,"parent":0,"template":"","meta":{"site-sidebar-layout":"default","site-content-layout":"","ast-site-content-layout":"default","site-content-style":"default","site-sidebar-style":"default","ast-global-header-display":"","ast-banner-title-visibility":"","ast-main-header-display":"","ast-hfb-above-header-display":"","ast-hfb-below-header-display":"","ast-hfb-mobile-header-display":"","site-post-title":"","ast-breadcrumbs-content":"","ast-featured-img":"","footer-sml-layout":"","ast-disable-related-posts":"","theme-transparent-header-meta":"default","adv-header-id-meta":"","stick-header-meta":"","header-above-stick-meta":"","header-main-stick-meta":"","header-below-stick-meta":"","astra-migrate-meta-layouts":"set","ast-page-background-enabled":"default","ast-page-background-meta":{"desktop":{"background-color":"var(--ast-global-color-4)","background-image":"","background-repeat":"repeat","background-position":"center center","background-size":"auto","background-attachment":"scroll","background-type":"","background-media":"","overlay-type":"","overlay-color":"","overlay-opacity":"","overlay-gradient":""},"tablet":{"background-color":"","background-image":"","background-repeat":"repeat","background-position":"center center","background-size":"auto","background-attachment":"scroll","background-type":"","background-media":"","overlay-type":"","overlay-color":"","overlay-opacity":"","overlay-gradient":""},"mobile":{"background-color":"","background-image":"","background-repeat":"repeat","background-position":"center center","background-size":"auto","background-attachment":"scroll","background-type":"","background-media":"","overlay-type":"","overlay-color":"","overlay-opacity":"","overlay-gradient":""}},"ast-content-background-meta":{"desktop":{"background-color":"var(--ast-global-color-5)","background-image":"","background-repeat":"repeat","background-position":"center center","background-size":"auto","background-attachment":"scroll","background-type":"","background-media":"","overlay-type":"","overlay-color":"","overlay-opacity":"","overlay-gradient":""},"tablet":{"background-color":"var(--ast-global-color-5)","background-image":"","background-repeat":"repeat","background-position":"center center","background-size":"auto","background-attachment":"scroll","background-type":"","background-media":"","overlay-type":"","overlay-color":"","overlay-opacity":"","overlay-gradient":""},"mobile":{"background-color":"var(--ast-global-color-5)","background-image":"","background-repeat":"repeat","background-position":"center center","background-size":"auto","background-attachment":"scroll","background-type":"","background-media":"","overlay-type":"","overlay-color":"","overlay-opacity":"","overlay-gradient":""}}},"estado":[54],"destaque":[],"localizacao":[78],"class_list":["post-7116","imovel","type-imovel","status-publish","has-post-thumbnail","hentry","estado-arrendado","localizacao-alges"],"acf":[],"_links":{"self":[{"href":"https:\/\/www.ernestodafonseca.com\/en\/wp-json\/wp\/v2\/imovel\/7116","targetHints":{"allow":["GET"]}}],"collection":[{"href":"https:\/\/www.ernestodafonseca.com\/en\/wp-json\/wp\/v2\/imovel"}],"about":[{"href":"https:\/\/www.ernestodafonseca.com\/en\/wp-json\/wp\/v2\/types\/imovel"}],"version-history":[{"count":4,"href":"https:\/\/www.ernestodafonseca.com\/en\/wp-json\/wp\/v2\/imovel\/7116\/revisions"}],"predecessor-version":[{"id":7169,"href":"https:\/\/www.ernestodafonseca.com\/en\/wp-json\/wp\/v2\/imovel\/7116\/revisions\/7169"}],"wp:featuredmedia":[{"embeddable":true,"href":"https:\/\/www.ernestodafonseca.com\/en\/wp-json\/wp\/v2\/media\/7117"}],"wp:attachment":[{"href":"https:\/\/www.ernestodafonseca.com\/en\/wp-json\/wp\/v2\/media?parent=7116"}],"wp:term":[{"taxonomy":"estado","embeddable":true,"href":"https:\/\/www.ernestodafonseca.com\/en\/wp-json\/wp\/v2\/estado?post=7116"},{"taxonomy":"destaque","embeddable":true,"href":"https:\/\/www.ernestodafonseca.com\/en\/wp-json\/wp\/v2\/destaque?post=7116"},{"taxonomy":"localizacao","embeddable":true,"href":"https:\/\/www.ernestodafonseca.com\/en\/wp-json\/wp\/v2\/localizacao?post=7116"}],"curies":[{"name":"wp","href":"https:\/\/api.w.org\/{rel}","templated":true}]}}

Escritório em Open Space, completamente remodelado, Algés.

<p class="p1"><b>Escritório em Open Space, completamente remodelado, Algés.<br />
</b></p>
<p class="p1">Atenção, para micro empresas ou pequeno atelier que não precisam de muito espaço mas querem um sítio para desenvolver a sua atividade, este escritório em Open Space é uma excelente alternativa para quem procura zona central, bons acessos de comunicação, facilidade de estacionamento e um espaço para ser produtivo.</p>
<p class="p1">No centro de Miraflores, Algés, na Rua Margarida Palla, estes 55m2 muito bem aproveitados podem ser uma boa solução. Até a casa de banho tem excepcionalmente um chuveiro para um duche refrescante após um dia muito ativo.</p>
<p class="p1">Especialmente vocacionado para qualquer ramo de prestação de serviços ou criatividade, excepto restauração.</p>
<p class="p1">Condições Rendas:</p>
<p class="p1">2 rendas em antecipação</p>
<p class="p1">2 rendas de caução</p>
<p class="p1">Características:</p>
<p class="p1">Exteriores &#8211; Video Porteiro;</p>
<p class="p1">Interiores &#8211; Hall de entrada;</p>
<p class="p1">Gerais &#8211; Remodelado;</p>
<p class="p1">Outros Equipamentos &#8211; Serviço de internet; Caldeira para água quente; Frigorífico; Micro-ondas;</p>
<p class="p1">Outras características &#8211; Acesso apropriado a pessoas com mobilidade reduzida; Ar Condicionado.</p>
<p class="p1">Come and get to know.</p>
<p class="p1">This building is raised on a full-time basis. We are sharing with for all your real estate professional under 50% / 50%.</p>
<p class="p1">
