{"id":7361,"date":"2025-10-02T10:56:47","date_gmt":"2025-10-02T10:56:47","guid":{"rendered":"https:\/\/www.ernestodafonseca.com\/?post_type=imovel&#038;p=7361"},"modified":"2026-01-11T17:06:39","modified_gmt":"2026-01-11T17:06:39","slug":"vende-se-t2-completamente-novo-lumiar-vista-soberba-garagem","status":"publish","type":"imovel","link":"https:\/\/www.ernestodafonseca.com\/en\/imovel\/vende-se-t2-completamente-novo-lumiar-vista-soberba-garagem\/","title":{"rendered":"Vende-se T2, completamente Novo, Lumiar, vista soberba, garagem"},"content":{"rendered":"<p class=\"p1\"><b>Vende-se T2, completamente Novo, Lumiar, vista soberba, garagem<\/b><\/p>\n<p>Apartamento T2, a estrear, em edif\u00edcio constru\u00eddo em 2025, com uma vista soberba sobre o Campo de Golfe da Quinta dos Alcoutins, na freguesia do Lumiar, em Lisboa.<\/p>\n<p>O im\u00f3vel, de qualidade irrepreens\u00edvel, com excelentes materiais e acabamentos, disp\u00f5e de dois elevadores, dois lugares de estacionamento e uma arrecada\u00e7\u00e3o, beneficiando ainda de excelentes acessos rodovi\u00e1rios para o centro da cidade de Lisboa.<\/p>\n<p>Ideal para quem aprecia um espa\u00e7o minimalista e funcional com elevado padr\u00e3o de qualidade, privilegiando a tranquilidade e a contempla\u00e7\u00e3o da natureza. Sem d\u00favida uma excelente op\u00e7\u00e3o para uma boa decis\u00e3o.<\/p>\n<p>A mob\u00edlia n\u00e3o est\u00e1 inclu\u00edda no valor, serve apenas como elemento decorativo!<\/p>\n<p>Informa\u00e7\u00e3o adicional do im\u00f3vel:<\/p>\n<p>Edif\u00edcio completamente novo (2025), com todas as garantias de constru\u00e7\u00e3o e materiais.<\/p>\n<p>Projecto de arquitetura: AMV &#8211; Arq\u00ba Alcindo Vilela<\/p>\n<p>Classifica\u00e7\u00e3o energ\u00e9tica A, com excelente isolamento t\u00e9rmico e ac\u00fastico.<\/p>\n<p>Disp\u00f5e de pain\u00e9is solares para uma otimiza\u00e7\u00e3o energ\u00e9tica.<\/p>\n<p>Pronto a entrar.<\/p>\n<p>Dimens\u00f5es:<\/p>\n<p>Sala com 39m2<\/p>\n<p>Suite com 17m2 + WC Suite com 5m2<\/p>\n<p>Quarto com 12m2<\/p>\n<p>Cozinha com 13m2<\/p>\n<p>2\u00ba WC com 4m2<\/p>\n<p>Hall e circula\u00e7\u00e3o com 10m2<\/p>\n<p>Estendal com 5m2<\/p>\n<p>Varandas com 14m2<\/p>\n<p>2 Lugares de estacionamento com 22m2<\/p>\n<p>Arrecada\u00e7\u00e3o com 2m2<\/p>\n<p>Valor do condom\u00ednio:<\/p>\n<p>This building is raised on a full-time basis. We are sharing with for all your real estate professional under 50% \/ 50%.<\/p>\n<p class=\"p1\"><b>\u00a0<\/b><\/p>\n<p>&nbsp;<\/p>","protected":false},"featured_media":7362,"parent":0,"template":"","meta":{"site-sidebar-layout":"default","site-content-layout":"","ast-site-content-layout":"default","site-content-style":"default","site-sidebar-style":"default","ast-global-header-display":"","ast-banner-title-visibility":"","ast-main-header-display":"","ast-hfb-above-header-display":"","ast-hfb-below-header-display":"","ast-hfb-mobile-header-display":"","site-post-title":"","ast-breadcrumbs-content":"","ast-featured-img":"","footer-sml-layout":"","ast-disable-related-posts":"","theme-transparent-header-meta":"default","adv-header-id-meta":"","stick-header-meta":"","header-above-stick-meta":"","header-main-stick-meta":"","header-below-stick-meta":"","astra-migrate-meta-layouts":"set","ast-page-background-enabled":"default","ast-page-background-meta":{"desktop":{"background-color":"var(--ast-global-color-4)","background-image":"","background-repeat":"repeat","background-position":"center center","background-size":"auto","background-attachment":"scroll","background-type":"","background-media":"","overlay-type":"","overlay-color":"","overlay-opacity":"","overlay-gradient":""},"tablet":{"background-color":"","background-image":"","background-repeat":"repeat","background-position":"center center","background-size":"auto","background-attachment":"scroll","background-type":"","background-media":"","overlay-type":"","overlay-color":"","overlay-opacity":"","overlay-gradient":""},"mobile":{"background-color":"","background-image":"","background-repeat":"repeat","background-position":"center center","background-size":"auto","background-attachment":"scroll","background-type":"","background-media":"","overlay-type":"","overlay-color":"","overlay-opacity":"","overlay-gradient":""}},"ast-content-background-meta":{"desktop":{"background-color":"var(--ast-global-color-5)","background-image":"","background-repeat":"repeat","background-position":"center center","background-size":"auto","background-attachment":"scroll","background-type":"","background-media":"","overlay-type":"","overlay-color":"","overlay-opacity":"","overlay-gradient":""},"tablet":{"background-color":"var(--ast-global-color-5)","background-image":"","background-repeat":"repeat","background-position":"center center","background-size":"auto","background-attachment":"scroll","background-type":"","background-media":"","overlay-type":"","overlay-color":"","overlay-opacity":"","overlay-gradient":""},"mobile":{"background-color":"var(--ast-global-color-5)","background-image":"","background-repeat":"repeat","background-position":"center center","background-size":"auto","background-attachment":"scroll","background-type":"","background-media":"","overlay-type":"","overlay-color":"","overlay-opacity":"","overlay-gradient":""}}},"estado":[41],"destaque":[],"localizacao":[74],"class_list":["post-7361","imovel","type-imovel","status-publish","has-post-thumbnail","hentry","estado-vendido","localizacao-lumiar"],"acf":[],"_links":{"self":[{"href":"https:\/\/www.ernestodafonseca.com\/en\/wp-json\/wp\/v2\/imovel\/7361","targetHints":{"allow":["GET"]}}],"collection":[{"href":"https:\/\/www.ernestodafonseca.com\/en\/wp-json\/wp\/v2\/imovel"}],"about":[{"href":"https:\/\/www.ernestodafonseca.com\/en\/wp-json\/wp\/v2\/types\/imovel"}],"version-history":[{"count":3,"href":"https:\/\/www.ernestodafonseca.com\/en\/wp-json\/wp\/v2\/imovel\/7361\/revisions"}],"predecessor-version":[{"id":7397,"href":"https:\/\/www.ernestodafonseca.com\/en\/wp-json\/wp\/v2\/imovel\/7361\/revisions\/7397"}],"wp:featuredmedia":[{"embeddable":true,"href":"https:\/\/www.ernestodafonseca.com\/en\/wp-json\/wp\/v2\/media\/7362"}],"wp:attachment":[{"href":"https:\/\/www.ernestodafonseca.com\/en\/wp-json\/wp\/v2\/media?parent=7361"}],"wp:term":[{"taxonomy":"estado","embeddable":true,"href":"https:\/\/www.ernestodafonseca.com\/en\/wp-json\/wp\/v2\/estado?post=7361"},{"taxonomy":"destaque","embeddable":true,"href":"https:\/\/www.ernestodafonseca.com\/en\/wp-json\/wp\/v2\/destaque?post=7361"},{"taxonomy":"localizacao","embeddable":true,"href":"https:\/\/www.ernestodafonseca.com\/en\/wp-json\/wp\/v2\/localizacao?post=7361"}],"curies":[{"name":"wp","href":"https:\/\/api.w.org\/{rel}","templated":true}]}}

<p class="p1"><b>Vende-se T2, completamente Novo, Lumiar, vista soberba, garagem</b></p>
<p>Apartamento T2, a estrear, em edifício construído em 2025, com uma vista soberba sobre o Campo de Golfe da Quinta dos Alcoutins, na freguesia do Lumiar, em Lisboa.</p>
<p>O imóvel, de qualidade irrepreensível, com excelentes materiais e acabamentos, dispõe de dois elevadores, dois lugares de estacionamento e uma arrecadação, beneficiando ainda de excelentes acessos rodoviários para o centro da cidade de Lisboa.</p>
<p>Ideal para quem aprecia um espaço minimalista e funcional com elevado padrão de qualidade, privilegiando a tranquilidade e a contemplação da natureza. Sem dúvida uma excelente opção para uma boa decisão.</p>
<p>A mobília não está incluída no valor, serve apenas como elemento decorativo!</p>
<p>Informação adicional do imóvel:</p>
<p>Edifício completamente novo (2025), com todas as garantias de construção e materiais.</p>
<p>Projecto de arquitetura: AMV &#8211; Arqº Alcindo Vilela</p>
<p>Classificação energética A, com excelente isolamento térmico e acústico.</p>
<p>Dispõe de painéis solares para uma otimização energética.</p>
<p>Pronto a entrar.</p>
<p>Dimensões:</p>
<p>Sala com 39m2</p>
<p>Suite com 17m2 + WC Suite com 5m2</p>
<p>Quarto com 12m2</p>
<p>Cozinha com 13m2</p>
<p>2º WC com 4m2</p>
<p>Hall e circulação com 10m2</p>
<p>Estendal com 5m2</p>
<p>Varandas com 14m2</p>
<p>2 Lugares de estacionamento com 22m2</p>
<p>Arrecadação com 2m2</p>
<p>Valor do condomínio:</p>
<p>This building is raised on a full-time basis. We are sharing with for all your real estate professional under 50% / 50%.</p>
<p class="p1"><b> </b></p>
<p>&nbsp;</p>
